 318/9 + (-2)/6. Suppose s - 2 = -x. Let w be x*(3*-1)/9. Calculate the greatest common factor of 110 and w.
11
Suppose 4*v + 2*c = 338, -c = 4*v + 3*c - 336. Calculate the highest common factor of v and 34.
17
Suppose 78 = 3*i + 18. Suppose 2*r = 3*r + i. Let y be 2/(-10) - 204/r. Calculate the highest common factor of 70 and y.
10
Let f be (-3)/6*(-4 - 0). Calculate the greatest common factor of f and 8.
2
Let l(y) = -y**3 + 13*y**2 + 7*y. Let w be l(12). Suppose 0 = -3*s - 30 + w. Calculate the greatest common factor of s and 44.
22
Let a(y) = 2*y + 2. Let m be a(5). Let i = 20 - m. Let f(o) = -7*o - 2. Let r be f(-2). Calculate the greatest common factor of r and i.
4
Let t be (16/20)/(8/140). What is the highest common factor of t and 84?
14
Suppose -6*v + 2*v + 296 = 0. Suppose -3*k - 32 = -v. Suppose 2*g = g + k. Calculate the highest common divisor of g and 98.
14
Suppose 32 = -10*k + 242. What is the highest common factor of 35 and k?
7
Let u = 0 + -1. Let d = -10 - -7. Let h be (-5)/(d/(-18)*u). What is the highest common factor of 10 and h?
10
Suppose 3*n = 2*m + 2*m - 107, -76 = -3*m - 2*n. Calculate the greatest common divisor of 26 and m.
26
Let h be (0 - (4 + -3))*3. Suppose 2 = 3*k - 4. Let g be 40/6 + k/h. What is the highest common factor of 18 and g?
6
Let j be (-322)/28*(-2 + 6)*-1. Calculate the highest common divisor of j and 69.
23
Suppose 3*n - 3 - 9 = 0. Let d = n + -2. What is the greatest common factor of 8 and d?
2
Let x(t) = -6*t + 1. Let c be x(-1). Suppose 60 = c*y - 4*y. Calculate the greatest common divisor of y and 4.
4
Let s = -5 - -9. Suppose -p - s*r + 58 = r, -3*p - r = -104. Let l(x) = 3*x - 6. Let j be l(3). Calculate the greatest common divisor of p and j.
3
Let m(s) = s - 3. Let a be m(7). Suppose a*q - 253 = 67. What is the highest common factor of q and 16?
16
Let n(a) = -6*a - 3. Let t be n(-3). What is the greatest common divisor of 10 and t?
5
Let h be 3/((-9)/2)*-3. Suppose -h*r - 7 = s + r, -r = -2*s + 21. What is the greatest common factor of 16 and s?
8
Let d(p) = -3*p - 3. Let f be d(-5). Let x = -30 + 54. Suppose -7*q + 10*q - x = 0. Calculate the highest common divisor of q and f.
4
Let f(w) = -w**3 + 7*w**2 - 6*w + 9. Let q be f(6). Let n = 0 + q. Calculate the highest common factor of n and 3.
3
Let s(r) = r**2 + r + 1. Let v be s(-5). Let d(c) = -2*c + 6. Let o be d(6). Let l be 24 + (3 - o)/(-3). Calculate the highest common factor of l and v.
21
Let h(z) be the second derivative of -z**5/20 - z**4/2 + 3*z**2 + 2*z. Let o be h(-6). Let r = -4 + 16. Calculate the highest common factor of r and o.
6
Suppose s + 0*s = 45. What is the highest common divisor of 30 and s?
15
Let t(l) = -4*l - 12. Let n be t(-8). Calculate the highest common divisor of n and 60.
20
Let s = 3 - 6. Let l be -39*(2/s)/2. Calculate the greatest common divisor of 117 and l.
13
Let a be 2 - (-1)/(1/1). Let l(j) = -j**a + 5 - 5*j**2 - 2 + 0*j**2. Let s be l(-5). Calculate the greatest common divisor of s and 21.
3
Let c be 1 + 0 + (-5 - -10). Let y be (-3 - (-15)/c)*-10. Calculate the greatest common divisor of 35 and y.
5
Let z = -78 - -222. What is the greatest common divisor of z and 16?
16
Let m = 34 - 16. What is the highest common divisor of 54 and m?
18
Let i(b) = 26*b**2 - 3*b + 1. Let a be i(2). Calculate the greatest common divisor of a and 9.
9
Let j = 33 + -25. What is the highest common factor of 56 and j?
8
Let k(x) = -2*x**2 - 12*x + 5. Let q be k(-6). Suppose -q*s + 41 = 1. What is the highest common divisor of s and 1?
1
Let z = -22 + 30. What is the highest common divisor of 6 and z?
2
Suppose -5*t - 37 = 38. Let i = -5 - t. Calculate the greatest common divisor of 10 and i.
10
Let j = 2 + 7. Let w be ((-64)/(-6))/(3/j). Let h = w + -18. Calculate the highest common factor of h and 98.
14
Let k(s) = -9*s**3 - s**2 - 12*s - 30. Let d be k(-3). Calculate the highest common divisor of 15 and d.
15
Let w = 39 + -24. What is the greatest common divisor of w and 15?
15
Suppose -14*v = -8*v - 348. Calculate the highest common factor of v and 29.
29
Let f = 4 + 5. Suppose 5*q + 16*y = 14*y + 98, 0 = 4*q + 4*y - 88. What is the greatest common divisor of f and q?
9
Suppose 19*u + 48 = 21*u. Calculate the highest common factor of u and 48.
24
Suppose -30 = k - 201. What is the greatest common divisor of k and 19?
19
Let o be (6/15)/(2/5). Let s be -3*7/(-3)*o. Suppose 2*q - s*q - 5*w = -205, -q - 2*w + 42 = 0. Calculate the highest common factor of 16 and q.
8
Suppose g - 9 + 4 = 0. What is the highest common divisor of g and 40?
5
Let m = -4 + 3. Let a be -2 - (m + 15)/(-2). Suppose -94 = -3*i + f, -a*i - f + 166 = -5*f. What is the highest common factor of i and 15?
15
Let y(a) = -15*a + 3. Let c be y(-10). What is the greatest common divisor of 17 and c?
17
Let d(f) be the first derivative of 37*f**4/4 + f**3/3 - 4. Let n be d(1). Suppose a - 88 = n. Calculate the highest common factor of 18 and a.
18
Let u = -1 - -6. Suppose -2*g = -u*g + 6. Let y = g + 22. What is the greatest common factor of 16 and y?
8
Let p = 15 + 40. What is the highest common divisor of p and 11?
11
Let w = 38 - 56. Let x = 0 - w. Suppose -5*u = 2*c - 24, -4*u = -2*c - 0*u - 12. Calculate the greatest common factor of c and x.
2
Let l be (-3)/(-2)*(-48)/18. Let h be ((-2)/3)/(l/48). Calculate the greatest common factor of h and 56.
8
Suppose 3*o + 3*i - 90 = 57, 0 = 4*o - 2*i - 214. Suppose -4*h + o = -36. Calculate the highest common factor of h and 2.
2
Let x = -25 + 40. Calculate the highest common factor of 5 and x.
5
Let w(p) = -7*p + 1. Let m be w(-1). Suppose 3*c + m = 20. Let x = 118 - 74. What is the highest common divisor of c and x?
4
Suppose 3*l - 29 = 4*a, -4*a + 7 = 3*l - 6. Let c be (-38)/(-10) + l/35. Calculate the greatest common divisor of 4 and c.
4
Let q(c) = c**2 + 3*c - 6. Let r be q(3). What is the greatest common divisor of r and 24?
12
Let w(o) = o + 4. Let y be w(-3). Suppose -x + 5 - 41 = -4*h, 4*h - 20 = -3*x. Let v be 2/(-8) - (-66)/h. What is the greatest common factor of y and v?
1
Let h = -29 - -61. What is the greatest common factor of 160 and h?
32
Let u(g) = -g + 5. Let i be u(-4). Suppose -4*z + i = -47. Let k(t) = t**2 - t + 1. Let y be k(3). Calculate the highest common factor of z and y.
7
Let g(u) = -u**3 + 8*u**2 - 9*u + 5. Suppose 0 = -3*l - 4*n + 30, 5*l - 15 - 18 = -n. Let p be g(l). What is the greatest common divisor of 46 and p?
23
Suppose -22 = 16*x - 70. Calculate the greatest common factor of 48 and x.
3
Let a be (-50)/(-14) - 32/56. Calculate the greatest common factor of a and 3.
3
Let q(f) = -15 + 2*f**3 - f**3 + 23 - f. Let o be q(0). Calculate the greatest common divisor of o and 56.
8
Suppose 2*k - 16 = -2*c, 0 = 2*c + c - k - 8. Suppose -2*h - 2 = 0, -p - 2*p = h - 47. Calculate the greatest common divisor of c and p.
4
Suppose 2*o + 5*h = -0*h - 39, -4*o - 23 = -h. Let v = o + 11. Calculate the highest common divisor of 16 and v.
4
Let r be 1652/11 - (-6)/(-33). Calculate the greatest common factor of 15 and r.
15
Let n = 513 - 321. Suppose -2*g + n = -0*g. Calculate the greatest common divisor of 12 and g.
12
Let o(n) = n**3 - 8*n**2 - 10*n + 11. Let z(r) = -r + r - 2*r + 0 - 9. Let j be z(-9). Let i be o(j). What is the greatest common factor of i and 4?
2
Suppose 4*b + 12 = -3*z - 2, -4*z - 20 = 4*b. Let y be (9/(-6))/(z/176). Calculate the highest common factor of 110 and y.
22
Let s = 34 + -16. Calculate the greatest common factor of s and 24.
6
Suppose 233 = 8*i - 135. What is the highest common factor of i and 506?
46
Let b(u) = 3*u - 7. Let w be b(6). Let v be w/4 - (-6)/24. Calculate the highest common divisor of v and 9.
3
Suppose -4*t = -7*t + 9. Let w be (-1 + 1)*(-3)/6. Suppose -4*r + 22 = 5*a, 5*r + t*a = -w*a + 34. What is the greatest common factor of r and 20?
4
Let d be 2/(0 + (-2)/(-5)). Calculate the greatest common divisor of d and 15.
5
Let m be (5 - -1)/(3/5). Calculate the highest common factor of m and 25.
5
Let p(f) = -2*f**2 + 14. Let l be p(0). What is the highest common divisor of l and 28?
14
Suppose 0 = -5*z + 54 + 56. Calculate the greatest common factor of z and 22.
22
Suppose -42 = -3*i - 12. What is the highest common divisor of i and 